n 264 is divided by (-212 + -4)/(-8) - (2 + 6)?
17
What is the remainder when 5/(15/(-2)) + 16640/192 is divided by 48?
38
Let b(t) = t**2 + 8*t - 15. Let x be b(-10). Suppose 20 = x*g + 2*s, -5*s = -g - 13 - 10. Calculate the remainder when 2 is divided by g.
0
Let f(o) = -8*o - 2. Suppose -42 = -18*q + 30. What is the remainder when f(-3) is divided by q?
2
Suppose -5*j = -19 - 146. Calculate the remainder when 361 is divided by j.
31
Let k(s) = -7*s - 97. Calculate the remainder when k(-24) is divided by 26.
19
Suppose 108*o - 107*o = -5*a + 49, -o = -4*a + 32. What is the remainder when 96 is divided by a?
6
Let v(a) = 5*a**2 + 7*a + 8. Let o be v(-4). Let s = -35 + o. Calculate the remainder when 99 is divided by s.
24
Suppose 0 = 11*k - 12 - 43. Calculate the remainder when 152 is divided by k.
2
Let g = 54 + -52. What is the remainder when -2 - (-50*3/g + -2) is divided by 19?
18
Suppose 124 = 4*k + 4*g, -2*k = -0*k - 2*g - 62. Suppose -4*d + 3*a = -73, -a - 4*a = -d + k. What is the remainder when 26 is divided by d?
10
Let t be (8/5)/(-4)*(126 - 1). Let c(n) = -n**2 - 10*n - 9. Let u be c(-6). What is the remainder when 30 is divided by 1 - t/(u/3)?
8
Let h be 9/3 - (5 - 2). Suppose 2*m - o - 71 = 13, 3*m - 2*o - 128 = h. Let l = 57 - m. What is the remainder when 65 is divided by l?
14
Let r = 115 - 61. Suppose -12*t = -6*t - r. Calculate the remainder when 52 is divided by t.
7
Calculate the remainder when (-4)/(-6) + (-25324)/195*-5 is divided by 131.
126
Let h(i) = -i**2 + 9*i - 13. Let n be h(6). Suppose -3*g = y - 121, 4*y = n*g + y - 183. What is the remainder when g is divided by 6?
3
Suppose -375 = z - 4*z. Suppose 3*h = -2*h + z. Suppose -n = -6*n + 485. Calculate the remainder when n is divided by h.
22
Suppose 4*d - 1 - 7 = 0. Suppose -7 = 3*o + 5. Let n = 8 + o. Calculate the remainder when n is divided by d.
0
Suppose -796 = 7*a - 9*a. Suppose 4*y = -66 + a. What is the remainder when y is divided by 28?
27
Let b(v) = -v**2 - v**3 + 3 - 4*v**2 - 2*v - 2*v**2. Let q = -131 - -124. What is the remainder when 65 is divided by b(q)?
14
Suppose 10*j - 249 + 89 = 0. What is the remainder when 125 is divided by j?
13
Suppose -15*q + 7*q + 3120 = 0. Calculate the remainder when q is divided by 14.
12
Let t(i) = -i**2 - 1. Let l be t(-3). Let v(w) = 2*w**2 + 74*w + 23. Let q be v(-37). What is the remainder when 80 is divided by q - (2 + l - -4)?
26
Let x(n) = 64*n**3 - n**2 + n - 1. Let f = 3 - -19. What is the remainder when x(1) is divided by f?
19
Let r(c) = c**3 - 3*c**2 - 128*c + 11. What is the remainder when r(-9) is divided by 176?
15
Let g = 88 + -70. Let s(a) = -a. Let h be s(-5). Suppose 5*f = 15, -2*c - h*f = c - 27. Calculate the remainder when g is divided by c.
2
Suppose -5*k + 135 = -2*k. Let v = k - 43. Calculate the remainder when v is divided by 2.
0
Suppose 527 = 3*f - 2*o, -3*o - 113 = -2*f + 230. What is the remainder when f is divided by 64?
51
Let s = 61 + -58. Suppose 0*y + 4*r + 144 = 4*y, 9 = s*r. What is the remainder when y is divided by ((-3)/(-1))/(3/21)?
18
Suppose 8*x - 18 = 6*x. Suppose 183 = x*f + 30. What is the remainder when 98 is divided by f?
13
Calculate the remainder when ((-5)/(20/76))/(6/(-36)) is divided by 23.
22
Let c(v) be the third derivative of 19*v**4/24 + 7*v**3/2 - 4*v**2. Calculate the remainder when c(3) is divided by 40.
38
Let w(l) = 3*l**2 + 3*l + 4. Let h be w(-3). Suppose 2*y - y = h. Let k = -4929 - -4971. Calculate the remainder when k is divided by y.
20
Let q = 241 - 200. What is the remainder when (-2)/16 - 625/(-8) is divided by q?
37
Let t(d) = -d**2 - 8*d + 8. Let l(z) = z**3 + 16*z**2 - 18*z - 14. What is the remainder when t(-8) is divided by l(-17)?
2
Suppose -5*a - 3*k = -6*a + 49, 4*a + 5*k - 162 = 0. Calculate the remainder when a is divided by 27.
16
Let h be ((-225)/6)/(-5)*2. Suppose 2*n = -3*n + h. Suppose n*k + 0*z + 2*z = 59, -77 = -4*k - 3*z. What is the remainder when k is divided by 8?
7
Suppose 5*f = 15, -91 = 2*u - 6*u + 3*f. Calculate the remainder when 196 is divided by u.
21
Let y = 96 + -64. What is the remainder when (27/(-12))/((-3)/y) is divided by 14?
10
Let b = -107 + 112. Calculate the remainder when 11 is divided by b.
1
What is the remainder when 873 - ((-28)/(-5) + (-26)/(-65)) is divided by 5?
2
Let d = 48 - 41. Suppose -d = 6*y - 61. Calculate the remainder when 32 is divided by y.
5
Suppose 4*a + 11 - 27 = 0, a - 92 = 4*v. Let x = v - -37. Suppose -3*g + 8 = 2, 2*g + 4 = 2*k. What is the remainder when x is divided by k?
3
Suppose 2*d = 13 - 3, -d - 20 = -5*y. Calculate the remainder when 5 is divided by y.
0
Let p be (-2 + 2)*(-2)/(-4). Suppose p*i - 2*i + 26 = 0. Let n = 1334 + -1311. Calculate the remainder when n is divided by i.
10
Let z = 391 + -142. What is the remainder when z is divided by 21?
18
Calculate the remainder when 76 is divided by (-180)/150*(-35)/2.
13
Let u(o) = -o**2 + 13*o - 30. Let c be u(9). Suppose c*j = 11*j - 30. What is the remainder when 16 is divided by j?
4
Let o = -634 - -240. Calculate the remainder when 2*(-3)/(-10) + o/(-10) is divided by 14.
12
Let x(o) = o**3 - 2*o**2 + 19*o - 3. Let w be x(6). Suppose -5*l + r = 4*r - w, -153 = -3*l - r. What is the remainder when l is divided by 13?
12
Suppose 3*f + 2*z - 13 = 70, -4*f - 2*z = -112. What is the remainder when 461 is divided by f?
26
Suppose 6*i + 13 = -2*l + 7*i, 0 = 4*l + 5*i + 61. Let z = l - -15. Suppose 3*r - 10 = 2*r. Calculate the remainder when r is divided by z.
4
Let s(o) be the third derivative of -o**5/30 + 19*o**4/24 + o**3 - 34*o**2. What is the remainder when s(6) is divided by 17?
14
Suppose 28*d = -27*d + 73 + 1467. Let x = -19 - -186. What is the remainder when x is divided by d?
27
What is the remainder when 105 is divided by -60*(5 + 1*(-44)/8)?
15
Let k = 6 + -6. Suppose k = -0*l - 3*l + 9. Suppose -2*z + 27 = l*t, z + 3*t - 13 = -4. Calculate the remainder when 70 is divided by z.
16
Let j(i) = 3*i**2 - 8*i - 51. Calculate the remainder when j(-7) is divided by 14.
12
Let u(t) = -t**2 - 54*t - 410. Suppose -5*i + n + 4*n + 135 = 0, 0 = i - 4*n - 15. Calculate the remainder when u(-41) is divided by i.
30
Suppose -7*s - s = -16. Suppose 0*a = -s*a. Suppose a*v = 3*v - 21. Calculate the remainder when 13 is divided by v.
6
Let s = 135 + -61. Suppose -6*g - 50 = -80. Suppose 3*d + 2*d + l - 127 = 0, -3*l + 131 = g*d. What is the remainder when s is divided by d?
24
Suppose 3*t + 2*o - 1994 = -0*t, t = 3*o + 672. Calculate the remainder when t is divided by 67.
63
Let w(p) = 3*p + 2. Let v be 0 + (-1 - 1 - -5). What is the remainder when w(3) is divided by 6*(-6)/(-27)*v?
3
Let g(s) = -2*s**3 - 7*s**2 - 16*s - 3. What is the remainder when 71 is divided by g(-2)?
3
Let y(g) = -61*g - 12. Let j be y(-4). What is the remainder when (3/(-6))/((-4)/j) is divided by 7?
1
Let j = 174 - -13. Calculate the remainder when j is divided by 63.
61
Suppose -13*u - 231 + 1362 = 0. What is the remainder when u is divided by 9?
6
Let o = 4584 - 3237. Calculate the remainder when o is divided by 9.
6
Let j = 28 - 20. Suppose -3*c = -k - 67, -4*c - k + 84 = 3*k. Calculate the remainder when c is divided by j.
6
Let w be (-1 - (-27)/6)*28. Suppose 0*o + 4*f - w = -3*o, 0 = -4*o + f + 137. What is the remainder when o is divided by 18?
16
Let j(z) = -7*z**2 - 5*z + 2. Let k be j(4). Let b = k + 195. Suppose -17 = 3*n - b. What is the remainder when n is divided by 9?
7
Let v be (3/9)/(4/972). Suppose -x = -4*x + v. Calculate the remainder when x is divided by 6.
3
What is the remainder when ((-1542)/(-9))/((-19)/(342/(-12))) is divided by 89?
79
Let y be -2 + 5*(1 - 0). Suppose -2 = y*v - 5*p, 22 = 5*v + 3*p - 20. What is the remainder when 23 is divided by v?
5
Let o = -22 - -167. Calculate the remainder when o is divided by 30.
25
Suppose -39 = 4*w - 3*y - 62, 0 = 5*w - 3*y - 28. Let t = -6 + 20. What is the remainder when t is divided by w?
4
Suppose 0 = 45*f - 46*f + 33. What is the remainder when f is divided by 12?
9
Suppose 0 = 3*t - 49 + 7. Let f(m) = m**3 + 4*m**2 - 12*m - 14. Let a be f(-7). Let v = a - -118. What is the remainder when v is divided by t?
13
Suppose 0 = -3*x + 7*x - 340. Let y = x - 36. Calculate the remainder w